is divided by 1967?
165
What is the remainder when 6047792 is divided by 403?
374
What is the remainder when 1500273 is divided by 2651?
2458
Calculate the remainder when 2680561 is divided by 205.
186
Calculate the remainder when 6041648 is divided by 5843.
5829
Calculate the remainder when 321022 is divided by 160502.
18
Calculate the remainder when 789781 is divided by 3073.
20
Calculate the remainder when 814715 is divided by 7.
6
Calculate the remainder when 265109 is divided by 395.
64
What is the remainder when 20657308 is divided by 79?
72
What is the remainder when 3182768 is divided by 96446?
50
Calculate the remainder when 1656765 is divided by 63714.
201
What is the remainder when 270855 is divided by 5885?
145
What is the remainder when 363409379 is divided by 1196?
1191
What is the remainder when 18179826 is divided by 40?
26
What is the remainder when 705932 is divided by 235287?
71
Calculate the remainder when 1297303 is divided by 99655.
1788
What is the remainder when 33908041 is divided by 1304152?
89
Calculate the remainder when 3696028 is divided by 154001.
4
Calculate the remainder when 897475 is divided by 1090.
405
What is the remainder when 882595 is divided by 3992?
363
What is the remainder when 227344 is divided by 75779?
7
Calculate the remainder when 69526 is divided by 1070.
1046
Calculate the remainder when 122409695 is divided by 25.
20
Calculate the remainder when 6646894 is divided by 1939.
2
Calculate the remainder when 3748465 is divided by 167.
150
Calculate the remainder when 128310227 is divided by 5319.
5309
Calculate the remainder when 96915854 is divided by 5.
4
Calculate the remainder when 4685803 is divided by 1968.
1963
Calculate the remainder when 58688225 is divided by 1636.
1633
Calculate the remainder when 58350804 is divided by 80373.
6
Calculate the remainder when 895868 is divided by 81442.
6
What is the remainder when 43187076 is divided by 52?
36
Calculate the remainder when 11518597 is divided by 9149.
6
What is the remainder when 89046 is divided by 598?
542
What is the remainder when 1622036 is divided by 2859?
983
Calculate the remainder when 3286884 is divided by 79.
10
Calculate the remainder when 2312629 is divided by 1336.
13
What is the remainder when 69472594 is divided by 316?
310
Calculate the remainder when 119862 is divided by 251.
135
What is the remainder when 78305025 is divided by 78?
45
What is the remainder when 6760056 is divided by 13520?
56
What is the remainder when 1345157 is divided by 448372?
41
Calculate the remainder when 216231 is divided by 43237.
46
Calculate the remainder when 48530 is divided by 1559.
201
What is the remainder when 2971794 is divided by 450?
444
What is the remainder when 134496961 is divided by 107?
101
Calculate the remainder when 5344560 is divided by 25.
10
What is the remainder when 3649120 is divided by 60?
40
What is the remainder when 1293696 is divided by 656?
64
Calculate the remainder when 1310049 is divided by 5414.
5275
What is the remainder when 291722325 is divided by 6?
3
What is the remainder when 4465782 is divided by 25373?
134
Calculate the remainder when 3530507 is divided by 205.
202
Calculate the remainder when 17334269 is divided by 1499.
1332
Calculate the remainder when 95207 is divided by 1081.
79
Calculate the remainder when 18873795 is divided by 898752.
3
What is the remainder when 1544856 is divided by 698?
182
What is the remainder when 395741175 is divided by 474?
471
What is the remainder when 77434654 is divided by 100?
54
Calculate the remainder when 408267 is divided by 23813.
3446
Calculate the remainder when 39973 is divided by 5668.
297
Calculate the remainder when 1109479 is divided by 11552.
487
What is the remainder when 230795 is divided by 8868?
227
What is the remainder when 1673454 is divided by 72679?
1837
Calculate the remainder when 39612 is divided by 901.
869
Calculate the remainder when 1428850 is divided by 244.
230
What is the remainder when 247265129 is divided by 72?
65
What is the remainder when 200981760 is divided by 8972?
8960
Calculate the remainder when 37635898 is divided by 242.
58
What is the remainder when 597981 is divided by 15733?
127
Calculate the remainder when 1673555 is divided by 557831.
62
Calculate the remainder when 561335 is divided by 6364.
1303
Calculate the remainder when 30600857 is divided by 2398.
2377
What is the remainder when 8579217 is divided by 4289601?
15
What is the remainder when 110092 is divided by 870?
472
What is the remainder when 98796 is divided by 5786?
434
Calculate the remainder when 140598 is divided by 70282.
34
Calculate the remainder when 3041050 is divided by 956.
14
Calculate the remainder when 17219931 is divided by 2347.
2339
What is the remainder when 237803928 is divided by 237803923?
5
Calculate the remainder when 47613845 is divided by 234.
227
What is the remainder when 71442 is divided by 23762?
156
Calculate the remainder when 2240886 is divided by 10279.
64
What is the remainder when 1107473 is divided by 178?
135
Calculate the remainder when 921130 is divided by 8.
2
Calculate the remainder when 45783 is divided by 58.
21
What is the remainder when 153666 is divided by 153650?
16
What is the remainder when 13520765 is divided by 614580?
5
Calculate the remainder when 98904 is divided by 5181.
465
Calculate the remainder when 5537090 is divided by 1773.
11
What is the remainder when 975268 is divided by 337?
327
Calculate the remainder when 14045630 is divided by 104.
14
What is the remainder when 546236 is divided by 794?
758
Calculate the remainder when 26467639 is divided by 15220.
59
What is the remainder when 1651376 is divided by 7?
6
Calculate the remainder when 1785017 is divided by 28784.
409
Calculate the remainder when 254398 is divided by 2809.
1588
What is the remainder when 181355 is divided by 90643?
69
What is the remainder when 78732 is divided by 312?
108
Calculate the remainder when 8651173 is divided by 79368.
61
What is the remainder when 726271 is divided by 24207?
61
Calculate the remainder when 43405 is divided by 921.
118
What is the remainder when 154376 is divided by 2269?
84
What is the remainder when 2730508 is divided by 81?
79
What is the remainder when 3441094 is divided by 37403?
18
What is the remainder when 159206427 is divided by 17?
16
What is the remainder when 7585283 is divided by 7?
6
Calculate the remainder when 4163675 is divided by 148686.
467
Calculate the remainder when 5385244 is divided by 194.
192
What is the remainder when 105213856 is divided by 14?
6
What is the remainder when 6453161 is divided by 3585?
161
Calculate the remainder when 43654415 is divided by 71.
65
Calculate the remainder when 1759834 is divided by 4396.
1434
Calculate the remainder when 254788966 is divided by 593.
586
What is the remainder when 103491 is divided by 3568?
19
Calculate the remainder when 112434536 is divided by 148.
120
What is the remainder when 17474019 is divided by 2065?
2054
Calculate the remainder when 1505959186 is divided by 721.
718
Calculate the remainder when 68088 is divided by 32091.
3906
What is the remainder when 7806434 is divided by 107?
35
What is the remainder when 8124 is divided by 2652?
168
Calculate the remainder when 660465 is divided by 1359.
1350
What is the remainder when 25280561 is divided by 597?
596
Calculate the remainder when 124387 is divided by 15545.
27
Calculate the remainder when 2236051 is divided by 575.
451
What is the remainder when 40066677 is divided by 68?
57
What is the remainder when 4158161 is divided by 5507?
376
What is the remainder when 1220686 is divided by 1878?
1864
What is the remainder when 196823297 is divided by 12?
5
What is the remainder when 845050 is divided by 6214?
6160
What is the remainder when 49814240 is divided by 113?
111
What is the remainder when 17620399 is divided by 1798?
1797
What is the remainder when 207424043 is divided by 110?
13
What is the remainder when 641721 is divided by 225?
21
Calculate the remainder when 836205 is divided by 24587.
247
Calculate the remainder when 18425630 is divided by 228.
38
Calculate the remainder when 2932 is divided by 2882.
50
What is the remainder when 131692989 is div